n + 55760. Give a(-96).
-16
Let l(o) = -2*o**3 + 22*o**2 - 50*o - 25. Determine l(7).
17
Let b(u) = -539*u + 8060. Give b(15).
-25
Let u(p) = 5*p**2 + 164*p - 399. Give u(-35).
-14
Let x(f) = 7*f**2 - 397*f + 655. Determine x(55).
-5
Let x(d) = 1927*d - 7603. Determine x(4).
105
Let h(v) = 15*v - 248. Determine h(14).
-38
Let q(g) = 335*g + 2336. Calculate q(-7).
-9
Let r(g) = g**2 + 32*g - 1177. What is r(-55)?
88
Let v(h) = h**3 - 12*h**2 - 586*h + 56. Give v(-19).
-1
Let n(y) = -518*y - 3621. Give n(-7).
5
Let j(a) = -211*a - 8420. Determine j(-40).
20
Let s(w) = -50*w**2 + 1747*w + 25. Determine s(35).
-80
Let n(g) = g**2 + 6*g - 91. Calculate n(0).
-91
Let z(a) = -3*a**2 - 100*a + 138. Calculate z(-35).
-37
Let x(w) = 6*w**2 + 57*w - 309. What is x(-14)?
69
Let t(q) = -5*q**2 - 262*q - 4. Give t(0).
-4
Let h(l) = l**2 + 47*l + 560. Determine h(-22).
10
Let m(q) = q**3 - 43*q**2 + 282*q. Calculate m(8).
16
Let r(z) = z**3 + 6*z**2 - 7*z + 38. Determine r(-10).
-292
Let v(r) = -2*r**3 - 86*r**2 - 385*r - 219. Give v(-38).
-29
Let n(g) = 5*g**2 + 36*g + 319. What is n(-9)?
400
Let a(l) = -16*l**2 - l - 62. Calculate a(-7).
-839
Let b(f) = 15*f + 375. Give b(-20).
75
Let k(c) = c**2 - 14*c. What is k(15)?
15
Let u(k) = -k**3 + 6*k**2 + 697*k - 4175. Determine u(6).
7
Let l(c) = 6*c**3 - 38*c**2 - 25*c - 26. Give l(7).
-5
Let h(c) = -c**2 + 49*c - 444. What is h(13)?
24
Let j(y) = -y**3 - y**2 - 11*y - 2. Give j(-5).
153
Let d(s) = 2*s**3 - 18*s**2 - 19*s - 38. Determine d(10).
-28
Let h(u) = 5*u**3 + 8*u**2 + 21*u + 3. Give h(-3).
-123
Let o(y) = -8*y**3 + 62*y**2 + 21*y - 11. What is o(8)?
29
Let z(n) = -11*n**3 + 55*n**2 - 166*n + 4. What is z(3)?
-296
Let l(b) = -b**3 + 37*b**2 - 61*b - 33. Determine l(35).
282
Let g(a) = a**2 + 6*a - 89. Give g(-16).
71
Let q(z) = 12*z**2 - 286*z + 242. Give q(23).
12
Let v(j) = -j**2 - 118*j - 882. What is v(-110)?
-2
Let h(n) = 5*n**2 + 174*n + 1092. Give h(-8).
20
Let v(p) = -10*p**2 + 33*p + 67. Calculate v(-2).
-39
Let y(h) = -17*h**2 - 114*h - 178. Give y(-3).
11
Let b(q) = -76*q + 10. What is b(2)?
-142
Let b(w) = -31*w - 633. Calculate b(-13).
-230
Let z(m) = -4*m**3 - 12*m**2 - 56*m - 389. What is z(-7)?
787
Let q(c) = -82*c - 838. Give q(-10).
-18
Let k(r) = -r**3 + 5*r**2 + 2*r + 14. What is k(6)?
-10
Let w(j) = 2037*j - 44798. What is w(22)?
16
Let i(w) = 3*w**2 + 37*w + 65. Calculate i(-9).
-25
Let d(m) = -2*m**3 - 7*m**2 + 134*m + 26. What is d(-10)?
-14
Let f(t) = -17*t + 312. Calculate f(21).
-45
Let l(z) = 24*z**2 + 40*z + 41. Determine l(-1).
25
Let i(m) = 4356*m + 47922. What is i(-11)?
6
Let q(p) = -13*p - 259. What is q(-12)?
-103
Let m(f) = 692*f + 560. Give m(-1).
-132
Let x(q) = q**3 - 59*q**2 + 320*q - 101. Determine x(53).
5
Let y(x) = -x**3 - 9*x**2 - 29*x + 53. Give y(-8).
221
Let k(f) = -f**3 - 4*f**2 + 3*f - 7. Determine k(-4).
-19
Let b(j) = 2*j**3 + j**2 - 10*j + 17. Determine b(6).
425
Let m(c) = c**3 - 16*c**2 - 17*c - 353. What is m(18)?
-11
Let t(r) = -2*r**3 + 5*r**2 + 101*r + 17. Determine t(-6).
23
Let r(d) = -60*d**2 - 713*d + 75. Give r(-12).
-9
Let v(f) = 31*f + 387. Determine v(-9).
108
Let o(c) = c**3 - 21*c**2 + 116*c - 99. Give o(10).
-39
Let q(o) = 2*o**3 + 6*o**2 - 13*o - 54. What is q(-3)?
-15
Let f(h) = h**2 - 94*h + 901. Give f(10).
61
Let y(b) = -11*b**2 - 53*b + 445. Calculate y(-9).
31
Let v(q) = -24*q**3 - 75*q**2 + 8. What is v(-3)?
-19
Let g(r) = r**3 - 3*r**2 - 23*r - 53. Calculate g(-4).
-73
Let p(l) = -l**2 + 4*l + 1. Give p(10).
-59
Let s(z) = -28*z + 1351. Determine s(45).
91
Let g(x) = -36*x - 508. Determine g(-8).
-220
Let k(y) = y**2 + 5*y - 82. Calculate k(-13).
22
Let o(g) = -12*g + 483. What is o(40)?
3
Let l(n) = -n**3 - 19*n**2 - 23*n - 38. What is l(-18)?
52
Let q(t) = 66*t - 156. Give q(3).
42
Let h(m) = -m**2 + 391*m + 3186. What is h(-8)?
-6
Let i(v) = -v**3 + 32*v**2 - 254*v - 3. Give i(17).
14
Let m(u) = u**3 - 13*u**2 - 98*u + 44. What is m(18)?
-100
Let o(f) = 26*f**2 - 4497*f + 4499. Calculate o(1).
28
Let b(i) = 18*i + 336. Determine b(-11).
138
Let z(n) = -10665*n + 74660. Calculate z(7).
5
Let k(n) = -256*n + 2355. Determine k(9).
51
Let v(g) = -g**2 - 46*g - 301. Calculate v(-8).
3
Let o(x) = -98*x**2 - 502*x - 59. Determine o(-5).
1
Let o(j) = 3*j**3 - 9*j**2 - 19*j + 15. Determine o(4).
-13
Let t(l) = 31*l + 677. Calculate t(-21).
26
Let d(x) = -2*x**3 - 81*x**2 + 138*x + 504. What is d(-42)?
0
Let a(b) = -b**3 - 53*b**2 + 5*b + 278. Give a(-53).
13
Let p(b) = 3*b**3 - 23*b**2 - 29*b + 136. Determine p(7).
-165
Let c(t) = -t**2 - 18*t - 11. Determine c(-25).
-186
Let j(o) = 93*o**3 + 9*o**2 + 5*o - 1. Determine j(-1).
-90
Let k(a) = -a**2 + 135*a - 9. Calculate k(135).
-9
Let d(k) = -2*k - 29. What is d(-17)?
5
Let f(i) = 80*i + 1607. What is f(-20)?
7
Let c(x) = -2*x**2 + 8*x + 136. Give c(-12).
-248
Let d(q) = q**2 + 40*q - 9006. Give d(77).
3
Let u(a) = -126*a + 2669. Give u(21).
23
Let p(l) = 60*l**2 - 8*l + 11. Give p(2).
235
Let k(r) = 114*r**3 - 3*r**2 + 4*r + 7. What is k(-1)?
-114
Let a(q) = q**3 + 4*q**2 - 430. What is a(0)?
-430
Let u(k) = -1197*k + 1296. Determine u(1).
99
Let u(s) = 2*s**2 - 74*s - 111. What is u(37)?
-111
Let j(h) = 855*h - 179. Give j(1).
676
Let a(y) = 22*y - 569. Determine a(25).
-19
Let t(o) = 2*o**2 + 19*o + 41. Give t(-7).
6
Let a(m) = -2*m - 168. Give a(-84).
0
Let u(c) = -c**3 - 7*c**2 - c + 25. What is u(-5)?
-20
Let y(p) = -2*p**2 + 140*p - 269. Calculate y(2).
3
Let p(k) = -51*k - 362. Give p(-12).
250
Let z(f) = -105*f - 1566. Calculate z(-15).
9
Let u(x) = -x**2 - 53*x - 65. What is u(-6)?
217
Let g(f) = -f**3 - 23*f**2 + 24*f - 42. Calculate g(-24).
-42
Let x(w) = -w**3 - 74*w**2 + 4715*w - 9. Give x(41).
-9
Let k(w) = w**3 + 91*w**2 + 7*w + 785. Calculate k(-91).
148
Let n(t) = -69*t + 698. Calculate n(10).
8
Let o(w) = -w**3 - 8*w**2 + 51*w - 377. Determine o(-14).
85
Let m(h) = -6*h**2 + 101*h + 101. Determine m(-1).
-6
Let t(g) = -81*g + 2555. Determine t(27).
368
Let t(f) = 22*f**2 + 176*f + 163. What is t(-7)?
9
Let f(v) = -180*v + 8854. Calculate f(49).
34
Let r(n) = 2*n**2 + 31*n + 168. Calculate r(-5).
63
Let a(i) = 711*i - 9968. Calculate a(14).
-14
Let h(z) = -6*z**3 - z**2 + 31*z + 30. Give h(-1).
4
Let u(g) = -g**2 - 45*g - 118. What is u(-40)?
82
Let p(d) = -31*d + 1022. Calculate p(33).
-1
Let g(b) = -33*b - 175. Determine g(0).
-175
Let a(k) = -k**2 - 122*k - 3355. What is a(-42)?
5
Let m(d) = -5*d**2 - 31*d + 1. Calculate m(-7).
-27
Let m(u) = 2*u**3 + 50*u**2 - 102*u + 59. Calculate m(-27).
-103
Let o(g) = -g**2 + 216*g + 4730. Calculate o(-20).
10
Let r(g) = g**3 - 55*g**2 + 85*g + 1099. Calculate r(53).
-14
Let y(u) = 506*u + 25831. Calculate y(-51).
25
Let t(w) = -47*w**2 + 305*w + 44. What is t(7)?
-124
Let i(s) = 2*s**2 + 42*s + 119. What is i(-17)?
-17
Let u(x) = -2*x**3 - 5*x**2 + 19*x - 139. Give u(-6).
-1
Let r(o) = o**3 + 33*o**2 - 129*o - 618. Determine r(-36).
138
Let f(v) = 40*v - 190. Calculate f(5).
10
Let a(q) = q**2 - 23*q - 71. Calculate a(21).
-113
Let a(v) = 2*v**2 + 1226*v + 6114. What is a(-5)?
34
Let p(k) = 2*k**3 + 805*k**2 - 8257*k + 71. Give p(10).
1
Let d(k) = -39*k + 2575. What is d(66)?
1
Let u(l) = -3322*l - 56479. Give u(-17).
-5
Let x(t) = -4*t**3 - 7*t**2 - 61*t - 269. What is x(-5)?
361
Let d(j) = -69*j - 340. Calculate d(-5).
5
Let a(m) = -m**2 + 54*m - 412. What is a(8)?
-44
Let c(b) = -123*b + 480. Give c(4).
-12
Let d(c) = -c**2 - 315*c - 9988. Calculate d(-36).
56
Let f(z) = 331*z - 8955. Determine f(27).
-18
Let p(x) = 448*x**3 - 6*x + 4. Determine p(1).
446
Let h(l) = -l**2 + 47*l - 153. Give h(12).
267
Let y(i) = -6*i**3 + 10*i + 7. Determine y(-1).
3
Let d(i) = -2*i**2 + 491*i - 1454. What is d(3)?
1
Let z(h) = -76*h + 200. Give z(3).
-28
Let i(s) = 5*s + 293. Determine i(-62).
-17
Let c(f) = -12*f**2 + 13*f - 2. What is c(2)?
-24
Let y(j) = -140*j - 1531. What is y(-11)?
9
Let d(i) = -344*i + 3520. Calculate d(12).
-608
Let q(d) = 187*d + 9116. Give q(-49).
-47
Let r(h) = -86*h + 161. Give r(5).
-269
Let d(l) = l**2 - 1340*l - 39698. Determine d(-29).
3
Let o(f) = -f**3 - 82*f**2 + 164*f - 309. Determine o(-84).
27
Let h(p) = -83*p + 14. Determine h(-9).
761
Let s(d) = 135*d + 711. Give s(-7).
-234
Let h(u) = 59